(-93)/(-18) + (-4)/24. What is the greatest common divisor of y and 295?
5
Suppose 4*v + u = 235, 3*u - 13 = -4. Calculate the highest common divisor of 319 and v.
29
Let u(c) be the first derivative of 4 + 0*c + 1/3*c**3 - 2*c**2 + 1/4*c**4. Let y be u(3). Calculate the greatest common factor of 48 and y.
24
Let f(q) = 3*q**2 + 10*q + 9. Let o be f(-6). Let j = -104 - -106. Let p be 22 + 3/(j/((-8)/4)). What is the highest common divisor of p and o?
19
Let m be 923/13 + -1 + 2. Suppose 2*r - 60 = -3*g + 7*g, 0 = -2*r - 2*g + m. What is the highest common factor of r and 136?
34
Suppose 5*j - 432 = -3*m, 0 = -26*j + 27*j + 3*m - 96. What is the greatest common divisor of 108 and j?
12
Let t = 311 + -275. Calculate the highest common factor of t and 9.
9
Suppose -4*l + 4 = 3*i - 9, -10 = 5*l. Let m = -4 + i. Suppose -m*p + 114 = u, 3*u + 0*p - 4*p = 303. What is the greatest common divisor of u and 15?
15
Let q = 24 + 144. Suppose -q = 15*z - 18*z. What is the greatest common factor of 14 and z?
14
Suppose -8658 = -5*n + 3*x, -n - 3*x = -2125 + 379. Calculate the greatest common factor of n and 204.
102
Let y = -65 - -115. Suppose -2*o + j = -y, o - j = 2*j + 30. Calculate the highest common divisor of 6 and o.
6
Suppose 3*q = l - 13, 2*l + 2*q - 18 = -0*l. Suppose -3*v = -l - 5. Let w be (-1 - -6)*2/v. Calculate the greatest common factor of 3 and w.
1
Let p(j) = -4*j**3 - 3*j**2 + 4*j - 3. Let g = -12 - -8. Let h be p(g). What is the highest common divisor of h and 27?
27
Let h be 1 + (189 - (2 + -1)). Suppose 3*f = 5*f + 3*o - 206, -3*f + 320 = -o. Let m = 127 - f. Calculate the highest common factor of m and h.
21
Let g = 167 - 139. What is the greatest common divisor of 8 and g?
4
Let h(i) = 5*i**3 - 2*i + 1. Let s be h(1). Suppose 2*n = 6, s*f = -3*n + 4*n + 65. Calculate the greatest common factor of 187 and f.
17
Let l = 8 + 7. Suppose 17*s - 5*p + 320 = 20*s, -5*s + 526 = p. Calculate the highest common divisor of l and s.
15
Suppose -5*u + 0 + 5 = 0. Let l be (88/(-6))/(((-5)/165)/u). Calculate the greatest common divisor of 44 and l.
44
Suppose 5*c = 0, -5*c + 12 = 4*r - 0*c. Suppose 2*w + r*w = 770. What is the highest common divisor of w and 14?
14
Suppose 3*n + 257 = 8*n - 3*w, 2*n - 5*w = 118. Calculate the greatest common factor of n and 7.
7
Suppose -v - 23 = v + c, -c = 3. Let p = v - -38. Calculate the highest common divisor of p and 14.
14
Suppose 4*g - c + 2115 = 9*g, -4*g + 5*c = -1721. What is the highest common divisor of 16 and g?
8
Let x be (-69)/(-3 + 0) + 20 + -20. Let s(m) = -3*m**3 - 2*m**2 - 6*m. Let j be s(-4). Calculate the greatest common factor of x and j.
23
Suppose f - 4*d = 11, -2*d - 2*d = 8. Let h be 1/f*(-2 - -11). Suppose -c = -h - 10. Calculate the highest common factor of 117 and c.
13
Let s be 2/(-4)*11/((-77)/686). Let j = 67 - s. Let p(n) = -n**3 - 5*n**2 - 3*n - 6. Let u be p(-5). Calculate the greatest common factor of j and u.
9
Suppose 27*f - 696 = 24*f. Calculate the highest common divisor of 87 and f.
29
Suppose 2*k = 2*i - 198, -1 - 336 = -3*i - 5*k. Suppose 4*c = 3*y - 16, 0 = 3*c - 8 + 2. What is the greatest common factor of y and i?
8
Let c be 10/4 - 4/8. Let g(u) = 7*u**2 - 2 - 2 + 2*u**c + 6*u + 0 + u**3. Let b be g(-8). What is the highest common divisor of b and 8?
4
Let h = 12 + -14. Let j(g) = -3*g + 5*g + 4*g**2 + 2*g**2 + 3*g**2 - 2. Let p be j(h). Calculate the greatest common factor of p and 6.
6
Suppose 0 = 3*p + 4*r - 6*r - 190, -5*p - r + 334 = 0. Suppose 2*x + p = 5*x. Let j = -10 + x. Calculate the highest common divisor of 12 and j.
12
Let h(u) = -50*u - 108. Let z be h(-3). Suppose -22 = -4*t + 6. Calculate the highest common factor of z and t.
7
Let x(q) = -3*q**3 + 1. Let v be x(-1). Let g = -43 + 47. Calculate the greatest common factor of v and g.
4
Let s(p) = p**3 - 5*p**2 + 14*p - 12. Let t be s(5). Let b = t + -52. Calculate the greatest common divisor of 18 and b.
6
Let d be 380 + -17 + 25/5. What is the greatest common factor of 46 and d?
46
Let k(z) = -14*z**3 + 3*z**2 - 24*z - 69. Let u be k(-3). What is the greatest common divisor of u and 24?
24
Suppose -f + 3*f = 6, 4*f + 140 = 4*x. What is the greatest common factor of x and 608?
38
Let m = 81 - 63. Let g = m - 17. What is the highest common divisor of g and 1?
1
Suppose -13*o + 280 + 32 = 0. What is the greatest common divisor of o and 8?
8
Let d be (40*8)/(-4)*245/(-20). What is the highest common factor of 20 and d?
20
Suppose 0 = 5*q + 45 - 20, -q = -3*u + 665. Suppose 3*i - u = 4*d + 28, -d + 3*i - 71 = 0. Let h = d - -82. Calculate the highest common factor of h and 207.
23
Let u(w) = -w**2 - 11*w - 16. Let d be u(-9). Suppose d*z - z = 22. Calculate the highest common divisor of 198 and z.
22
Let z(u) = u**2 - 3*u + 1. Let o be z(3). Let j be 1/(-4 - (-87)/21). Let s = j + -4. Calculate the greatest common divisor of s and o.
1
Suppose 0 = -5*g - 3*v - 32 + 97, 3*g + v = 39. What is the highest common divisor of 39 and g?
13
Suppose -44 = 3*j + 13. Let w = j - -27. Calculate the greatest common factor of w and 72.
8
Suppose 0 = -m - g + 188, 5*m + g - 6*g - 980 = 0. Calculate the highest common factor of 672 and m.
96
Let a(d) = -2*d - 13. Let s be a(-11). Let k be 21/(12/9 + -1). What is the greatest common factor of k and s?
9
Let s = 64 + -64. Suppose s = -11*v + 14*v - 462. What is the highest common factor of v and 22?
22
Let h(q) = -q**3 + 9*q**2 + 3*q + 9. Suppose -3*v = -k - 26, v + 2*k + 2*k - 13 = 0. Let c be h(v). Calculate the highest common factor of 9 and c.
9
Suppose 3*t - 8 = 4*p, 3*t + 2 = 4*t - 2*p. Let b = -13 + 12. Let m(o) = 36*o**2 - 2*o - 2. Let s be m(b). Calculate the greatest common divisor of s and t.
4
Suppose 5*f = -g + 327, -1 = 3*f + 2. Let b be 12/42 + g/14. What is the highest common factor of 12 and b?
12
Let v(k) = -k**3 + 6*k**2 + 4*k - 2. Let h be v(6). Let z = 3654 - 3632. Calculate the greatest common divisor of h and z.
22
Let g be (-8 - 0)/(-2 - 0). Suppose 3*a - 2*l + 1 = 11, 0 = -2*a + 4*l + g. Suppose 0 = -9*q + a*q + 85. Calculate the greatest common factor of q and 17.
17
Let f(v) = -3*v**3 - 8*v**2 + v + 1. Let j be f(-4). Suppose -2*z - 52 = -p - 165, -z + 2*p + j = 0. Calculate the highest common divisor of z and 11.
11
Let p be (12/(-5) + 2)*-175. Suppose 180 + 180 = 4*r. Let s = r - 62. What is the highest common divisor of s and p?
14
Let g(u) = 2*u**2 - 9*u + 6. Let t be g(5). Suppose t = -11*v + 209. Calculate the highest common divisor of v and 6.
6
Suppose 2*w = 3*a + 21 + 48, 0 = 3*a - 3. Suppose -i + 35 = -19. What is the greatest common divisor of w and i?
18
Suppose 0 = 3*z - 5 - 13. Let p(k) = 2*k**2 - 5*k - 3. Let h be 12/4 + 2 + -1. Let d be p(h). Calculate the highest common factor of z and d.
3
Let m be 2/(-4)*686/(-3 + -4). Calculate the greatest common divisor of m and 21.
7
Suppose 0 = -583*h + 565*h + 10512. Calculate the greatest common factor of h and 8.
8
Let n(l) = 23*l - 1. Let m be n(2). Let z be m*(1 + (1 - 1)). Let v = -2 + 7. What is the greatest common factor of z and v?
5
Suppose -4*j + 78 = -5*g, 2*g + 9 - 35 = -j. Suppose 5*b = 13 + j. Suppose -v + b + 13 = n, 0 = 2*n + 5*v - 55. What is the highest common divisor of 105 and n?
15
Let f = -1481 + 1491. Calculate the greatest common divisor of f and 470.
10
Suppose -5*d + 2325 = 26*d. Calculate the highest common divisor of 3 and d.
3
Let r(j) = j - 14. Let s be r(11). Let h(l) = -20*l + 4. Let g be h(s). Suppose -k - g = -5*k. Calculate the highest common factor of k and 144.
16
Let m be (231/33)/(28/696). Calculate the highest common factor of 1 and m.
1
Suppose a - 4*p = 20, -2*p + 42 - 40 = 0. Suppose 5*h = -5*i + 51 + 19, -3*i = -12. Let n = 6 + h. What is the highest common divisor of n and a?
8
Suppose 0 = -3*q - 2*a + 5*a + 21, q - 3*a = 17. Suppose 38 = 5*i + 13. Suppose 0 = -i*o + 25 + 15. Calculate the greatest common factor of o and q.
2
Suppose -3*r + 15 = 2*l, 5*r - 2*l + 0 - 9 = 0. Suppose -r*w + 40 = -w. Suppose 5 = -2*t - 3, -1 = -j - t. Calculate the highest common factor of w and j.
5
Suppose -145 = -9*t + 35. Calculate the highest common divisor of t and 100.
20
Let g(x) be the second derivative of 58*x**3/3 - 6*x**2 - 18*x. Let z be g(1). Calcu